ivide 15324?
True
Is 213 a factor of 131920?
False
Is 19 a factor of 493647?
False
Is 43812 a multiple of 3?
True
Is 1239 a factor of 464594?
False
Is 17 a factor of 33620?
False
Is 474 a factor of 50861?
False
Is 180 a factor of 381983?
False
Does 20 divide 9827?
False
Is 52 a factor of 4377256?
True
Does 6 divide 8982?
True
Is 213 a factor of 51486?
False
Is 27 a factor of 183249?
True
Is 2006781 a multiple of 51?
False
Is 576828 a multiple of 49?
True
Is 9 a factor of 249165?
True
Does 1115 divide 2368260?
True
Is 30472401 a multiple of 1263?
True
Is 240 a factor of 19259?
False
Is 792815 a multiple of 4?
False
Does 2 divide 42824?
True
Is 107929 a multiple of 11?
False
Does 243 divide 54681?
False
Does 58 divide 9408586?
True
Is 497 a factor of 1709680?
True
Is 56 a factor of 595620?
False
Is 27 a factor of 214002?
True
Is 344220 a multiple of 4?
True
Does 58 divide 881533?
False
Is 6 a factor of 3248778?
True
Is 32083 a multiple of 141?
False
Does 7 divide 364?
True
Is 130752 a multiple of 16?
True
Is 1346 a factor of 239588?
True
Is 660213 a multiple of 10?
False
Does 20 divide 162780?
True
Is 105548 a multiple of 22?
False
Is 74 a factor of 979745?
False
Is 4 a factor of 3752?
True
Is 2686410 a multiple of 114?
True
Is 843417 a multiple of 31?
True
Is 245232 a multiple of 8?
True
Is 6083984 a multiple of 592?
True
Is 3882114 a multiple of 666?
True
Is 6 a factor of 344706?
True
Does 18 divide 2000844?
True
Is 2065232 a multiple of 52?
True
Does 45 divide 6020149?
False
Is 2 a factor of 70078?
True
Is 7 a factor of 43292?
False
Is 1331692 a multiple of 268?
True
Is 260 a factor of 162240?
True
Is 81 a factor of 1630522?
False
Is 28 a factor of 2800588?
True
Does 10 divide 437710?
True
Does 18 divide 7193186?
False
Is 1025 a factor of 3947627?
False
Does 9 divide 36193?
False
Does 107 divide 205089?
False
Is 310364 a multiple of 284?
False
Is 262717 a multiple of 7?
True
Is 237 a factor of 52377?
True
Is 6944 a multiple of 112?
True
Is 866 a factor of 3661448?
True
Is 80887 a multiple of 3?
False
Does 23 divide 209345?
False
Is 423 a factor of 366741?
True
Does 9 divide 136619?
False
Is 111 a factor of 1713285?
True
Is 12087 a multiple of 42?
False
Is 460 a factor of 3990500?
True
Does 46 divide 3724686?
False
Does 66 divide 28386534?
True
Is 4127600 a multiple of 1047?
False
Is 831246 a multiple of 13?
True
Is 118251 a multiple of 37?
False
Is 55877 a multiple of 11?
False
Is 72882 a multiple of 183?
False
Is 138964 a multiple of 4?
True
Is 53520 a multiple of 4?
True
Is 35 a factor of 2143146?
False
Does 11 divide 133342?
True
Is 4086890 a multiple of 649?
False
Does 21 divide 253398?
False
Is 117899 a multiple of 88?
False
Is 77 a factor of 1924915?
False
Is 889474 a multiple of 73?
False
Is 3485 a multiple of 5?
True
Does 91 divide 469710?
False
Is 667317 a multiple of 301?
True
Is 623844 a multiple of 12?
True
Does 45 divide 41532?
False
Does 142 divide 75544?
True
Is 1186848 a multiple of 156?
True
Is 283 a factor of 3356663?
True
Is 328912 a multiple of 8?
True
Is 8458167 a multiple of 884?
False
Does 14 divide 335778?
False
Is 10 a factor of 5663400?
True
Is 5 a factor of 118459?
False
Is 58548 a multiple of 119?
True
Is 25 a factor of 392375?
True
Is 222 a factor of 2034548?
False
Is 105325 a multiple of 10?
False
Is 51 a factor of 219574?
False
Is 70 a factor of 7161630?
True
Is 611 a factor of 1760902?
True
Does 43 divide 346960?
False
Does 11 divide 4117920?
False
Is 5180 a multiple of 14?
True
Is 138775 a multiple of 138?
False
Does 12 divide 19711056?
True
Does 35 divide 538849?
False
Is 9713183 a multiple of 346?
False
Does 104 divide 365901?
False
Is 5329376 a multiple of 242?
False
Does 53 divide 608020?
False
Is 20 a factor of 9731073?
False
Does 7 divide 5406079?
True
Is 14 a factor of 513182?
False
Does 26 divide 177424?
True
Is 128 a factor of 134153?
False
Does 9 divide 3412705?
False
Does 193 divide 348688?
False
Does 196 divide 839893?
False
Does 12 divide 2010348?
True
Is 351743 a multiple of 18?
False
Is 10374 a multiple of 26?
True
Is 207803 a multiple of 19?
True
Does 32 divide 504640?
True
Is 964 a factor of 3301700?
True
Is 247 a factor of 590577?
True
Is 751194 a multiple of 261?
False
Is 181 a factor of 759662?
False
Is 84295 a multiple of 41?
False
Is 61 a factor of 6495646?
True
Is 34 a factor of 395846?
False
Does 10 divide 5164434?
False
Is 506307 a multiple of 244?
False
Does 106 divide 849590?
True
Is 1531944 a multiple of 102?
False
Is 19 a factor of 464265?
True
Is 92 a factor of 33647?
False
Is 121 a factor of 6512581?
False
Does 5 divide 576977?
False
Does 15 divide 318765?
True
Does 425 divide 836301?
False
Is 94 a factor of 4341108?
True
Is 750688 a multiple of 506?
False
Is 261 a factor of 785113?
False
Is 3681972 a multiple of 126?
True
Does 8 divide 161363?
False
Is 56 a factor of 402248?
True
Is 9 a factor of 99108?
True
Does 40 divide 892975?
False
Is 200 a factor of 1090022?
False
Is 6 a factor of 387309?
False
Is 38 a factor of 56340?
False
Does 175 divide 494550?
True
Is 5273994 a multiple of 246?
True
Is 2 a factor of 82704?
True
Is 91 a factor of 191672?
False
Is 1387596 a multiple of 18?
False
Does 12 divide 61272?
True
Is 55311 a multiple of 48?
False
Is 215201 a multiple of 18?
False
Does 13 divide 2678?
True
Does 482 divide 850730?
True
Is 306 a factor of 22504770?
True
Is 29 a factor of 103930?
False
Is 124700 a multiple of 43?
True
Is 292020 a multiple of 20?
True
Is 6045325 a multiple of 37?
False
Does 15 divide 50092?
False
Is 109 a factor of 57879?
True
Is 2634060 a multiple of 390?
True
Is 44 a factor of 1263445?
False
Is 120 a factor of 41510?
False
Is 7 a factor of 188772?
False
Does 579 divide 1006028?
False
Is 1695730 a multiple of 755?
True
Is 132856 a multiple of 164?
False
Is 143 a factor of 216216?
True
Does 28 divide 13561113?
False
Is 9 a factor of 726880?
False
Does 39 divide 659064?
False
Does 31 divide 1659926?
True
Is 3574266 a multiple of 336?
False
Is 140 a factor of 2952180?
True
Is 181 a factor of 1089768?
False
Does 11 divide 100596?
False
Is 7067954 a multiple of 17?
True
Is 32 a factor of 783360?
True
Is 675953 a multiple of 748?
False
Does 110 divide 248270?
True
Does 6 divide 21020?
False
Is 246 a factor of 2525006?
False
Is 3195771 a multiple of 123?
False
Is 106022 a multiple of 248?
False
Is 2661762 a multiple of 10?
False
Is 724656 a multiple of 290?
False
Is 12 a factor of 4703939?
False
Does 18 divide 420561?
False
Is 8556717 a multiple of 91?
False
Does 53 divide 392483?
False
Is 23 a factor of 581578?
True
Is 171 a factor of 233802?
False
Does 48 divide 178948?
False
Is 1459838 a multiple of 3?
False
Is 31 a factor of 689812?
True
Is 112 a factor of 7328384?
True
Is 276 a factor of 539304?
True
Does 333 divide 3451040?
False
Is 6 a factor of 111090?
True
Is 254192 a multiple of 13?
False
Is 7 a factor of 5381?
False
Does 101 divide 95546?
True
Is 5028624 a multiple of 36?
True
Is 33689026 a multiple of 385?
False
Is 745193 a multiple of 119?
False
Does 412 divide 510267?
False
Is 368 a factor of 2183344?
True
Does 10 divide 401577?
False
Does 853 divide 227751?
True
Does 20 divide 1305362?
False
Is 78892 a multiple of 44?
True
Does 6 divide 47953?
False
Is 30 a factor of 106032?
False
Is 53 a factor of 17711?
False
Is 364197 a multiple of 219?
True
Does 16 divide 12738922?
False
Does 164 divide 1580614?
False
Is 14 a factor of 46662?
True
Does 22 divide 5698?
True
Is 4 a factor of 23866?
False
Does 102 divide 2199426?
True
Is 1160 a factor of 15677365?
False
Is 3027171 a multiple of 21?
True
Is 45371 a multiple of 3?
False
Is 326 a factor of 44336?
True
Does 22 divide 946?
True
Is 11 a factor of 13440141?
True
Is 310 a factor of 3291270?
True
Does 378 divide 2638818?
True
Is 10048683 a multiple of 251?
False
Is 2838580 a multiple of 355?
True
Is 66004 a multiple of 7?
False
Does 60 divide 7919683?
False
Does 263 divide 204614?
True
Does 37 divide 53712?
False
Is 987984 a multiple of 48?
True
Does 70 divide 1007930?
True
Does 57 divide 59223?
True
Is 362258 a multiple of 4?
False
Is 557313 a multiple of 123?
True
Does 34 divide 1762016?
True
Does 66 divide 2871198?
True
Is 83 a factor of 13304485?
True
Does 70 divide 147980?
True
Is 5877011 